7 - -31) - (54 + 1)?
-49
-5 + -20 + (-1209 - -1209)
-25
What is the value of 71 - (97 + -7) - -22?
3
64 + -33 + (-16 - (-46 + 7))
54
Calculate -40 + 26 - -12 - (-5 - (2 - 2)).
3
Calculate 41 - (22 + (-16 - 6) - 7).
48
Evaluate (1 - -9) + -10 + 103 + -85.
18
-89 - (23 + (-2 + -7 - 26))
-77
Evaluate -23 - ((0 - 9 - 8) + (29 - 2)).
-33
48 + (9 + -75 - (25 + -52))
9
What is the value of -7 + (7 - 29) + (1 - -17)?
-11
Calculate (-21 - -29) + -11 - 45.
-48
Evaluate (-5 - 11) + 16 + 16 + -61.
-45
What is the value of 5 - 9 - (692 - 745)?
49
What is (7 - (1 + 6) - -1 - 10 - -62) + -8?
45
Calculate 2 - (-42 + -23 + 44).
23
3 - (-4 + 2 - -27 - 7) - 32
-47
Calculate (-5 + 9 + 26 - -2) + -108.
-76
What is (56 + -63 - (0 - (2 + 13))) + 73 - 3?
78
Calculate -18 - (-116 - (33 - 170)).
-39
What is the value of -15 - (-6 + 0 - (169 + -174))?
-14
Evaluate 57 + -8 + (315 - 388).
-24
What is 25 - (38 + -22 + 43)?
-34
34 - 68 - (-48 + -15)
29
Calculate -55 - ((-20 - (5 + 10)) + 1 + 12 + 11).
-44
Evaluate 434 + -208 + -211 + (-11 - (0 - 0) - -1).
5
Calculate (-5 - -8) + -9 + -1 - (-5 + 54 + -96).
40
Calculate 125 + -28 - 71 - 108.
-82
What is the value of -50 - ((0 - 22) + 23 - 5)?
-46
What is the value of (-17 - (0 - -4 - 15)) + 85 + -8?
71
What is (0 - -6) + (14 - ((-2 - -6) + 1 + 4))?
11
Calculate (-50 - -79) + -92 + 40.
-23
Calculate -15 - (-24 - (-8 - -6 - 63 - -23)).
-33
What is -154 - -154 - (-1 + (55 - 0))?
-54
What is -60 + 103 + 79 + -59?
63
-2 - 26 - (29 + 158 - 144)
-71
Evaluate -4267 + 4228 + -1 + 75.
35
Calculate 102 + -211 + (-5 - (-33 - 0)).
-81
What is the value of (26 - 38 - -36) + (-60 - -15)?
-21
(0 - -7 - 1 - 0 - 7) + -122
-123
What is the value of (-9 + 7 + (-23 - (8 - 19)) - -134) + -5?
115
What is 56 + (22 - 40) + -3 + -3?
32
What is (-41 - -114) + -182 + 202?
93
Evaluate -17 + (3 - -2) + (-93 + 66 - -38).
-1
0 + 0 + 7 - (-4455 + 4465)
-3
What is the value of 2738 + -2744 - (23 - 0)?
-29
What is (-2 + 1 - (21 + -24)) + 12 - -30?
44
What is 6 + 55 + 6 - 29?
38
Evaluate (-1 - 22) + -1 + (-10 + 10 - -1).
-23
(18 - 0) + -374 + 364 + 15
23
What is (-22 - (26 - 61)) + -60?
-47
Evaluate 25 - (-23 + (96 - 28)).
-20
What is (-4 - -3 - (70 + -45 + -33)) + (2 - -45)?
54
Evaluate -15 + 12 - (-163 + 184) - (1 + -171).
146
What is the value of -57 - (50 + -130 + 14)?
9
What is 23 + (-170 - -32) + -7 + (8 - 17)?
-131
Calculate (-2 - (-2 - -41)) + (40 - 1 - (687 - 647)).
-42
Evaluate -190 + 155 - (-10 - -3) - -134.
106
What is -5 + -2 + (-71 - -32 - 41) + (-14 - 0)?
-101
(81 - (0 + 100)) + -1
-20
What is (-44 - -65) + -1 - (16 - -2)?
2
28 + 1 + (-19 - -87)
97
-48 - (-71 + -49 + 27)
45
54 - (142 - (-18 - -69))
-37
Evaluate -3 - 4 - 5 - ((32 - -13) + 10 - 1).
-66
12 + (68 - 18) + -45
17
What is 0 + (5 + 1 - -2) - (157 + 295 - 362)?
-82
3 + (105 - 75) - 53
-20
What is the value of 79 + 4 - (0 + 0 + (17 + -26 - -15))?
77
What is 123 + (109 + -192 - -22)?
62
What is -46 + -9 + ((-6 - (-1 + -6)) + -4 - 0)?
-58
Calculate 3 - (-2 + 1) - ((7 - 52) + -37).
86
What is the value of 13 + 52 + (-29 - -10)?
46
What is -1 + 31 + 197 + -101 + -6?
120
Calculate 57 - (22 + 21 + -16 + -29).
59
88 - (-150 + 126 + (-1 - -19))
94
Evaluate 27932 + -27939 - (1 + -48 + 0).
40
Evaluate -10 - (-227 - (-16 + -123)).
78
What is (-2 - -3) + 2 - (52 - 18 - (-18 + 0))?
-49
Calculate (-1 + (-14 - -4) - -18) + 1 + -14 - -24.
18
-10 + 5 + (-63 - -10)
-58
What is the value of 3 - 51 - (-24 - (19 - 54)) - 0?
-59
Evaluate -1 + (16 - 1) - (311 - (-441 - -585)).
-153
Calculate -16 + 13 + -14 + 17 - (22 - (4 + -4)).
-22
What is (1 - 19) + 0 - (-17 + 12) - (438 - 465)?
14
Calculate 7 - (2 + -10 + -6) - (201 - 66).
-114
Evaluate (27 - (38 - 74 - -67)) + (-61 - -1).
-64
What is the value of 0 + -25 + -68 - (-14 - 0 - -4)?
-83
Evaluate 3 + 1 + ((1 - 0) + -14 - (351 - 310)).
-50
What is the value of (-11 - (-12 + 47)) + -22 + (-2 - -4)?
-66
Evaluate 8 + -11 - 9 - (-5 - 1) - (1 - 7).
0
What is (-77 - -57) + (53 - -60)?
93
What is the value of (-5 - -12) + -16 + 4 + (4 - (1 - 4))?
2
-88 + (-3 + 0 - (-19 + 3)) - (-8 + -1)
-66
What is the value of -25 - -1 - ((-30 - -37) + -18) - 10?
-23
Evaluate -19 + (-8 - -17) + 6 + (5 - 9) + -7.
-15
Evaluate 35 + (-101 - (68 + -137)).
3
Calculate (-20 - (4 + 1 - (52 + -174))) + 19.
-128
What is the value of 43 + (-5 - -5) + (20 + -30 - -9) - 3?
39
Evaluate (44 - -8) + -17 + (15 + -1 - 4).
45
Calculate -2 + 49 + (-9 - -39) + -50.
27
Evaluate (-371 - -353) + 0 + 11 - (-69 - 0).
62
What is (-79 + -6 - (-790 + 701)) + 1 + (65 - -1)?
71
200 + -116 - (10 - 1 - (8 - (4 + 5)))
74
What is (1 - (-3 - 49)) + (2 + -10 - (12 + -10))?
43
What is -4 + 36 - (1049 - 1034)?
17
Calculate -1 + -16 + -4748 + 4736.
-29
What is -7 + -1 - (41 + 65 - 90)?
-24
What is the value of (-14 - 25) + 12 + 12 + -4 + 127?
108
Calculate 51 - (-27 - (33 + -18 - 16 - 11)).
66
-11 - (-9 + 5 + -10 + 6 + (-33 - -11))
19
What is the value of 20 + (8 - 48) - -70?
50
Calculate 11 - (1 + -1) - (-49 + -5 + -5 + -8).
78
What is 11 - (-7 + -14) - ((-12 - -14) + -7)?
37
Calculate (7 - (-3 - -12)) + -81 + (2 - (-6 + 8)).
-83
What is the value of (57 - (-4 + 1)) + (5 - -11) + -6?
70
What is 37 + 20 + -62 - (-12 + -6 - (0 + 1))?
14
What is the value of -16 + 2 + (-3 - -14) + -2 - -66?
61
What is 14 - 2 - (608 - 671) - 10?
65
(5 - 4) + (20 - 6) - (-87 - -24)
78
Calculate (-7 - 5) + (4 - -2) + 60 + -5 + -13.
36
(-12 - 0) + 10 + -11 + 7 + 67
61
Calculate (-13 - (-12 + 6)) + (-324 - -315).
-16
Calculate 31 + (-18 + 31 - 46).
-2
-3 + 10 - (-29 + 32) - (-2 + 25)
-19
Calculate (1 - -8) + (10 - (10 - 7 - (-5 - 6))).
5
Calculate -14 + -20 + (60 + -20 - 18) + -58.
-70
What is the value of 20 + 20 - -6 - 101?
-55
Calculate (6 - 2) + (-228 - -244).
20
What is the value of (69 + -58 - 25) + 2 + 3 + -12?
-21
Evaluate 3841 - 3893 - (0 + -21 + -1).
-30
Calculate -15458 + 15654 - (2 - -61).
133
Calculate (11 - -4) + -110 + 32 + -1.
-64
What is the value of -4 + 3 + 16 + 0 + -4 + -129 + 87?
-31
What is the value of (-1 - -10) + 1 - (0 + -11 + (8 - 7))?
20
Calculate -54 + -7 + -44 + 91.
-14
Evaluate 9 + -44 + 13 + 54.
32
Calculate (44 - (18 + (-8 - (8 + (-11 - -1))))) + 8.
40
What is the value of (-17 - 2 - -16) + 8 + 5 + -3 + 33?
40
Calculate -5 + ((9 - 10) + 5 - 0) + 21 + -1.
19
Calculate -5 + 19 + -43 + 15 + 19.
5
Calculate -1607 + 1612 - (0 + 0 + 1) - 3.
1
(-69 + 138 - 36) + -82 + -7
-56
63 + (-236 + 216 - (-24 - -3))
64
What is the value of (296 - 70 - 232) + (0 + 0 + 1 - 2)?
-7
Evaluate 10 - 2 - (-7 + 15 + -1 - 21).
22
Calculate (15 - (99 - 89)) + -78.
-73
Evaluate (-75 - (-113 + 101)) + 113.
50
Calculate (29 - -2) + -29 + (5 - 0) + -14.
-7
56 - (-49 - (-33 + 32 + -43))
61
Calculate (0 - 11) + 1 - (-3 + 5 + 6 + -40).
22
What is 109 + -4 + -5 - 13 - (-6 - (-3 - 6))?
84
Calculate 16 + -49 + -16 - -18.
-31
Calculate 2191 - 2155 - (-44 - 4).
84
What is the value of 18 + 0 + (-34 + 9 - (-41 - -102))?
-68
Evaluate (-6 - (0 + -35)) + 699 + -725.
3
What is the value of 4 + 1 + (-12 - (6 - 7)) - 30?
-36
Evaluate 11 + 1 + 169 + -142.
39
-116 - (-9 + -77 - 1)
-29
Calculate 14 + ((9 + -18 - -8) + -4 + 19 - 5).
23
Evaluate -301 + 272 + (18 - 3).
-14
Evaluate 0 + 1 + 83 - (-328 - -429 - 117).
100
What is (-84 - (-33 - -6)) + 6?
-51
Calculate -24 + 89 - (-34 + 16 - 23).
106
30 - (0 + (-6 - (-17 + 14 + -1)) - -5)
27
Evaluate -5 - -10 - 18 - (-15 + 3 + -39).
38
What is -10 + 3 + 3 - (2 + 9 + 11)?
-26
-40 + (10 - -16) - -2 - (11 - 0)
-23
What is the value of 65 - (15 - (-17 - -22)) - 12?
43
Evaluate -28 + (-62 + 20 - -43).
-27
Evaluate 12 - (-21 - (19 + -57)) - -25.
20
What is 25 + -45 + 23 + 20 + -62?
-39
(14 - (16 - 13 - -5)) + -29 + (-1 - 0)
-24
What is the value of (-28 - -2) + 0 + (-81 - -80)?
-27
What is the value of (17 - -12 - 43) + -9 + (-4 - -2) + -10?
-35
What is -52 - -20 - (-333 + 341)?
-40
Calculate -186 + 187 - (14 - -16).
-29
What is the value of (-2 - -6 - -59) + 14 + (-11 - (13 - 14))?
67
What is the value of (15 - (0 + 0)) + (5 + 137 - 210)?
-53
-1 + 1 + (51 + -55 - -7) + (-55 - 0)
-52
What is the value of (-36 - -1) + -33 + (-45 - -180)?
67
Evaluate -2 + 35 - (-1 - 1 - 9 - 7).
51
(-8 - -23) + 4 + (-9 - -8) + 6 + 71
95
Evaluate (-44 - (-9 + -27) - (0 - -4)) + 32.
20
What is -1816 + 1735 - (3 - (-2 - -7))?
-79
22 + 3 + -50 + 2 +